{"id":806,"date":"2020-09-01T15:10:39","date_gmt":"2020-09-01T15:10:39","guid":{"rendered":"https:\/\/pisosinnovadores.com\/?post_type=product&#038;p=806"},"modified":"2025-07-23T12:36:15","modified_gmt":"2025-07-23T15:36:15","slug":"major-oak-53926-divino-click","status":"publish","type":"product","link":"https:\/\/pisosinnovadores.com\/2023\/producto\/major-oak-53926-divino-click\/","title":{"rendered":"Major Oak 53926 &#8211; Divino Click"},"content":{"rendered":"<p>Piso vin\u00edlico encastrable Click Premium Design Floor L\u00ednea Divino<br \/>\nEspesor: 4,5mm.<br \/>\nCapa de uso: 0,55 &#8211; Alto tr\u00e1nsito.<br \/>\nMedidas: 131 x 19,2 cm.<br \/>\n<strong>Textura Natural<\/strong><\/p>\n<p>&nbsp;<\/p>\n<div class=\"elementor-element elementor-element-2a62965 elementor-widget elementor-widget-heading\" data-id=\"2a62965\" data-element_type=\"widget\" data-widget_type=\"heading.default\">\n<div class=\"elementor-widget-container\">\n<h2 class=\"elementor-heading-title elementor-size-default\">CLICK PREMIUM<\/h2>\n<\/div>\n<\/div>\n<div class=\"elementor-element elementor-element-f54ec5e elementor-widget elementor-widget-text-editor\" data-id=\"f54ec5e\" data-element_type=\"widget\" data-widget_type=\"text-editor.default\">\n<div class=\"elementor-widget-container\">\n<div class=\"elementor-text-editor elementor-clearfix\">\n<p>Nuestros Pisos vin\u00edlicos LVT (Luxury Vinyl Tile) de alta gama, encastrables con Click de Origen Belga, son fabricados por IVC GROUP l\u00edder mundial con m\u00e1s de 20 a\u00f1os en esta industria.<\/p>\n<p>Son ideales para reformas por su fino espesor de 4,5mm y flexibilidad, pudiendo ser instalados pr\u00e1cticamente sobre cualquier piso existente (sin grandes desniveles) sin ning\u00fan tipo de insumo ni adhesivo, evitando costos de desinstalaci\u00f3n, ruidos, escombros, suciedad y retoque de puertas.<\/p>\n<p>Una vez terminada la pr\u00e1ctica instalaci\u00f3n se pueden utilizar inmediatamente, y en un futuro ante posibles mudanzas pueden desinstalarse r\u00e1pidamente quedando en perfectas condiciones para volver a instalarse en otro lugar.<\/p>\n<p><a href=\"https:\/\/pisosinnovadores.com\/wp-content\/uploads\/2020\/07\/info.svg\"><noscript><img decoding=\"async\" class=\"wp-image-658 alignleft\" data-skip-lazy src=\"https:\/\/pisosinnovadores.com\/wp-content\/uploads\/2020\/07\/info.svg\" alt=\"M\u00e1s info\" width=\"66\" height=\"64\" \/><\/noscript><img decoding=\"async\" class=\"wp-image-658 alignleft vp-lazyload\" src=\"data:image\/svg+xml;base64,PHN2ZyB3aWR0aD0iNjYiIGhlaWdodD0iNjQiIHZpZXdCb3g9IjAgMCA2NiA2NCIgZmlsbD0ibm9uZSIgeG1sbnM9Imh0dHA6Ly93d3cudzMub3JnLzIwMDAvc3ZnIj48L3N2Zz4=\" alt=\"M\u00e1s info\" width=\"66\" height=\"64\" data-src=\"https:\/\/pisosinnovadores.com\/wp-content\/uploads\/2020\/07\/info.svg\" data-sizes=\"auto\" loading=\"eager\"><\/a><br \/>\n<a href=\"https:\/\/pisosinnovadores.com\/pisos-vinilicos-click-premium\/\" target=\"_blank\" rel=\"noopener noreferrer\"><strong>M\u00e1s info \u00bb<\/strong><\/a><\/p>\n<p>&nbsp;<\/p>\n<\/div>\n<p><a href=\"https:\/\/pisosinnovadores.com\/wp-content\/uploads\/2020\/07\/survey.svg\"><noscript><img decoding=\"async\" class=\"wp-image-660 alignleft\" data-skip-lazy src=\"https:\/\/pisosinnovadores.com\/wp-content\/uploads\/2020\/07\/survey.svg\" alt=\"Ficha t\u00e9cnica\" width=\"71\" height=\"71\" \/><\/noscript><img decoding=\"async\" class=\"wp-image-660 alignleft vp-lazyload\" src=\"data:image\/svg+xml;base64,PHN2ZyB3aWR0aD0iNzEiIGhlaWdodD0iNzEiIHZpZXdCb3g9IjAgMCA3MSA3MSIgZmlsbD0ibm9uZSIgeG1sbnM9Imh0dHA6Ly93d3cudzMub3JnLzIwMDAvc3ZnIj48L3N2Zz4=\" alt=\"Ficha t\u00e9cnica\" width=\"71\" height=\"71\" data-src=\"https:\/\/pisosinnovadores.com\/wp-content\/uploads\/2020\/07\/survey.svg\" data-sizes=\"auto\" loading=\"eager\"><\/a><a href=\"https:\/\/www.pisosinnovadores.com\/fichas-tecnicas\/Ficha-tecnica-Divino-Click.pdf\" target=\"_blank\" rel=\"noopener noreferrer\"><strong>Descargar<br \/>\nficha t\u00e9cnica \u00bb<\/strong><\/a><\/p>\n<p>&nbsp;<\/p>\n<\/div>\n<\/div>\n<p><strong><a href=\"https:\/\/pisosinnovadores.com\/wp-content\/uploads\/2020\/07\/wrench.svg\"><noscript><img decoding=\"async\" class=\"wp-image-661 alignleft\" data-skip-lazy src=\"https:\/\/pisosinnovadores.com\/wp-content\/uploads\/2020\/07\/wrench.svg\" alt=\"Instalaci\u00f3n\" width=\"60\" height=\"52\" \/><\/noscript><img decoding=\"async\" class=\"wp-image-661 alignleft vp-lazyload\" src=\"data:image\/svg+xml;base64,PHN2ZyB3aWR0aD0iNjAiIGhlaWdodD0iNTIiIHZpZXdCb3g9IjAgMCA2MCA1MiIgZmlsbD0ibm9uZSIgeG1sbnM9Imh0dHA6Ly93d3cudzMub3JnLzIwMDAvc3ZnIj48L3N2Zz4=\" alt=\"Instalaci\u00f3n\" width=\"60\" height=\"52\" data-src=\"https:\/\/pisosinnovadores.com\/wp-content\/uploads\/2020\/07\/wrench.svg\" data-sizes=\"auto\" loading=\"eager\"><\/a><a href=\"https:\/\/pisosinnovadores.com\/click-premium-instalacion\/\" target=\"_blank\" rel=\"noopener noreferrer\">Instalaci\u00f3n<br \/>\ny mantenimiento \u00bb<\/a><\/strong><\/p>\n<p><strong><br \/>\n<a href=\"https:\/\/pisosinnovadores.com\/wp-content\/uploads\/2020\/07\/support.svg\"><noscript><img loading=\"lazy\" decoding=\"async\" class=\"wp-image-659 alignleft\" data-skip-lazy src=\"https:\/\/pisosinnovadores.com\/wp-content\/uploads\/2020\/07\/support.svg\" alt=\"Dudas\" width=\"66\" height=\"63\" \/><\/noscript><img loading=\"eager\" decoding=\"async\" class=\"wp-image-659 alignleft vp-lazyload\" src=\"data:image\/svg+xml;base64,PHN2ZyB3aWR0aD0iNjYiIGhlaWdodD0iNjMiIHZpZXdCb3g9IjAgMCA2NiA2MyIgZmlsbD0ibm9uZSIgeG1sbnM9Imh0dHA6Ly93d3cudzMub3JnLzIwMDAvc3ZnIj48L3N2Zz4=\" alt=\"Dudas\" width=\"66\" height=\"63\" data-src=\"https:\/\/pisosinnovadores.com\/wp-content\/uploads\/2020\/07\/support.svg\" data-sizes=\"auto\"><\/a><br \/>\n<a href=\"https:\/\/wa.me\/+5493416814861\">Dudas?<\/a><\/strong><\/p>\n","protected":false},"excerpt":{"rendered":"<p>El precio publicado es por m2 sin colocaci\u00f3n.<br \/>\nPara cotizar la colocaci\u00f3n, contactate por WhatsApp.<br \/>\nPiso vin\u00edlico encastrable Click Premium Design Floor L\u00ednea Divino<br \/>\nGrosor: 4,5. Capa de uso: 0,55 &#8211; Alto tr\u00e1nsito.<br \/>\nMedidas: 131 x 19,2 cm.<\/p>\n","protected":false},"featured_media":834,"comment_status":"closed","ping_status":"closed","template":"","meta":{"_mo_disable_npp":"","site-sidebar-layout":"default","site-content-layout":"","ast-site-content-layout":"default","site-content-style":"default","site-sidebar-style":"default","ast-global-header-display":"","ast-banner-title-visibility":"","ast-main-header-display":"","ast-hfb-above-header-display":"","ast-hfb-below-header-display":"","ast-hfb-mobile-header-display":"","site-post-title":"","ast-breadcrumbs-content":"","ast-featured-img":"","footer-sml-layout":"","ast-disable-related-posts":"","theme-transparent-header-meta":"default","adv-header-id-meta":"","stick-header-meta":"","header-above-stick-meta":"","header-main-stick-meta":"","header-below-stick-meta":"","astra-migrate-meta-layouts":"set","ast-page-background-enabled":"default","ast-page-background-meta":{"desktop":{"background-color":"var(--ast-global-color-4)","background-image":"","background-repeat":"repeat","background-position":"center center","background-size":"auto","background-attachment":"scroll","background-type":"","background-media":"","overlay-type":"","overlay-color":"","overlay-opacity":"","overlay-gradient":""},"tablet":{"background-color":"","background-image":"","background-repeat":"repeat","background-position":"center center","background-size":"auto","background-attachment":"scroll","background-type":"","background-media":"","overlay-type":"","overlay-color":"","overlay-opacity":"","overlay-gradient":""},"mobile":{"background-color":"","background-image":"","background-repeat":"repeat","background-position":"center center","background-size":"auto","background-attachment":"scroll","background-type":"","background-media":"","overlay-type":"","overlay-color":"","overlay-opacity":"","overlay-gradient":""}},"ast-content-background-meta":{"desktop":{"background-color":"var(--ast-global-color-5)","background-image":"","background-repeat":"repeat","background-position":"center center","background-size":"auto","background-attachment":"scroll","background-type":"","background-media":"","overlay-type":"","overlay-color":"","overlay-opacity":"","overlay-gradient":""},"tablet":{"background-color":"var(--ast-global-color-5)","background-image":"","background-repeat":"repeat","background-position":"center center","background-size":"auto","background-attachment":"scroll","background-type":"","background-media":"","overlay-type":"","overlay-color":"","overlay-opacity":"","overlay-gradient":""},"mobile":{"background-color":"var(--ast-global-color-5)","background-image":"","background-repeat":"repeat","background-position":"center center","background-size":"auto","background-attachment":"scroll","background-type":"","background-media":"","overlay-type":"","overlay-color":"","overlay-opacity":"","overlay-gradient":""}},"_vp_format_video_url":"","_vp_image_focal_point":[],"_joinchat":[]},"product_brand":[],"product_cat":[66],"product_tag":[95],"class_list":{"0":"post-806","1":"product","2":"type-product","3":"status-publish","4":"has-post-thumbnail","6":"product_cat-pisos-click-premium","7":"product_tag-95","8":"desktop-align-left","9":"tablet-align-left","10":"mobile-align-left","12":"first","13":"onbackorder","14":"shipping-taxable","15":"purchasable","16":"product-type-simple"},"_links":{"self":[{"href":"https:\/\/pisosinnovadores.com\/2023\/wp-json\/wp\/v2\/product\/806","targetHints":{"allow":["GET"]}}],"collection":[{"href":"https:\/\/pisosinnovadores.com\/2023\/wp-json\/wp\/v2\/product"}],"about":[{"href":"https:\/\/pisosinnovadores.com\/2023\/wp-json\/wp\/v2\/types\/product"}],"replies":[{"embeddable":true,"href":"https:\/\/pisosinnovadores.com\/2023\/wp-json\/wp\/v2\/comments?post=806"}],"wp:featuredmedia":[{"embeddable":true,"href":"https:\/\/pisosinnovadores.com\/2023\/wp-json\/wp\/v2\/media\/834"}],"wp:attachment":[{"href":"https:\/\/pisosinnovadores.com\/2023\/wp-json\/wp\/v2\/media?parent=806"}],"wp:term":[{"taxonomy":"product_brand","embeddable":true,"href":"https:\/\/pisosinnovadores.com\/2023\/wp-json\/wp\/v2\/product_brand?post=806"},{"taxonomy":"product_cat","embeddable":true,"href":"https:\/\/pisosinnovadores.com\/2023\/wp-json\/wp\/v2\/product_cat?post=806"},{"taxonomy":"product_tag","embeddable":true,"href":"https:\/\/pisosinnovadores.com\/2023\/wp-json\/wp\/v2\/product_tag?post=806"}],"curies":[{"name":"wp","href":"https:\/\/api.w.org\/{rel}","templated":true}]}}